 = -144*d**3 - 4*d**2 + d - 2. Let m(g) = q*c(g) + 3*f(g). Is m(-2) prime?
False
Suppose -709338 = -72*d + 206574. Is d a composite number?
False
Let u(z) = -5025*z + 2. Let o(p) = 10048*p - 2. Let w(i) = 6*o(i) + 13*u(i). Is w(-1) a composite number?
False
Suppose 3*g - 308 = 7*g. Suppose -7*x + 274 = -2988. Let u = x + g. Is u a composite number?
False
Let j(q) = 22*q - 218. Let l be j(10). Is 23889*l/3 + (27 - 27) a prime number?
False
Suppose -108 + 294 = -31*t. Is 3818/t*-3 + 0 prime?
False
Let u = -47668 - -75981. Suppose -2*o + u = -2529. Is o a composite number?
True
Let m = 12587 + -5277. Suppose 0 = 5*n + 2*s - 59543, 5*n - 3*s = 66858 - m. Is n prime?
True
Suppose -5*k - 4*o + 37 = 0, -5*o - 9 = 3*k - 39. Suppose -10812 = -k*n + 1043. Is n a composite number?
False
Suppose 7*z + 5*a - 1816595 = 2*z, -4*z + 1453240 = -2*a. Is z a composite number?
False
Let x = 3192896 + -1898727. Is x a composite number?
False
Let l = 104964 + -23655. Is l prime?
False
Suppose b - 3970 = -4*u, -20727 = -4*b + 3*u - 4923. Is (-14)/2 - (-2 - b) composite?
True
Suppose -h = -3*x + 2581, -x + 623 + 1948 = -h. Let y = h + 25793. Is y composite?
False
Let y(s) = -2*s + 3. Let f be y(-2). Suppose 3*j - 2*l + f*l = 3078, -3*l = 9. Is j prime?
True
Let i = -15 - -20. Let m = -125 + 127. Suppose i*h = -m*a + 1893, -74 - 1439 = -4*h - 3*a. Is h composite?
False
Let m(p) = 39804*p - 3961. Is m(43) composite?
False
Let n(z) = 207*z - 7. Let y(p) = 414*p - 13. Let w(q) = -11*n(q) + 6*y(q). Is w(14) a composite number?
False
Suppose -7 - 57 = -4*o + 4*j, -91 = -4*o - 5*j. Let i(s) = -27*s**3 - 7*s**2 - 12 - 29 + o - 9*s. Is i(-5) composite?
True
Let n(d) = -d**2 - 43*d - 42. Let u be n(-42). Suppose -4*o - 31499 = -3*g, u = -14*g + 10*g - o + 41967. Is g prime?
False
Let f(o) = 103 - 27*o**2 + 7*o + 3*o - o - 33*o**2 + 307*o**2. Is f(-7) a prime number?
True
Suppose 2*o = -11*g + 13*g + 7134, -2*o - 7138 = 2*g. Let q = 13647 + g. Is q composite?
False
Is (1*(-95926)/(-5))/(((-496)/(-280))/31) prime?
False
Let a = -50 + 52. Suppose -2*y + 5*k = -624, -24*y + 19*y + a*k + 1539 = 0. Is y a prime number?
True
Let p be 3/1 + 0 - -6. Suppose -10*c = -p*c. Is 12 - 17 - (-72 - c) composite?
False
Let d(z) = 374*z**2 + 12*z + 41. Let v = 95 + -98. Is d(v) prime?
True
Let r = 63010 - 27497. Is r a composite number?
True
Let c(h) = -h**3 - 18*h**2 - 16*h + 16. Let n be c(-17). Let i be n*(-1)/2*4. Suppose 0 = i*k + 6*k - 664. Is k a prime number?
True
Let m = 36 - 36. Let p be (-3)/(-6)*-2*(m - 5). Suppose -p*t + 0*o - 4*o + 3331 = 0, -3*o - 2671 = -4*t. Is t a composite number?
True
Let d(g) be the first derivative of 2/3*g**3 - 6*g - 13/2*g**2 - 10. Is d(-5) a prime number?
True
Suppose -15*x + 15 = 3*o - 20*x, 4*o - 5*x - 15 = 0. Let w(d) = -9*d + 8261. Is w(o) composite?
True
Let x = -251 + 428. Suppose 3*f + 378 = -x. Let u = f + 364. Is u composite?
False
Let k(j) = -49*j**3 - 2*j + 11*j**2 - 13*j**2 - j - 16. Is k(-5) prime?
False
Suppose 21*r - 7*r - 9*r = 307955. Is r a composite number?
True
Suppose 4*s + 0 = 4. Let l be (0/(-7))/(0 - (-1 - s)). Suppose -j - 3789 = -2*j + 4*d, l = -5*j + 5*d + 18930. Is j composite?
True
Suppose -s + 2757 = 5*j, 21*s - 2772 = -5*j + 25*s. Suppose -5*d + 1313 = -j. Is d a prime number?
True
Suppose -5*g + 14248 = -g. Let q be 3/15*-1*(30 - 33295). Let s = q - g. Is s a composite number?
True
Let h be (-747)/3*2*(-1)/(-6). Let k = 148 + h. Suppose 0 = x - k - 140. Is x a prime number?
False
Let n(b) = 48736*b - 1881. Is n(2) a prime number?
False
Suppose -39*h + 2525673 = 12*h. Is h a composite number?
False
Let o = 185175 + 64820. Is o a prime number?
False
Let l(o) = 37672*o - 2525. Is l(17) composite?
True
Suppose 95 = 5*g - 5*r, -4*r = 6 - 2. Let y(z) = 2*z**3 - 34*z**2 - 16*z - 21. Is y(g) a composite number?
True
Suppose -5*o + 14*i + 76865 = 9*i, -4*i = 4*o - 61452. Suppose o = -7*m + 58369. Is m prime?
True
Let c(h) = 6392*h - 2185. Is c(21) a composite number?
False
Suppose -1716*p = -1715*p - 1811 - 57588. Is p a prime number?
True
Suppose -3*m = -3*n - 9, n - 3*n + 18 = 4*m. Let v(g) = 164*g - 43. Is v(m) composite?
False
Let w(l) = 637*l**2 + 33*l + 31. Is w(-7) a composite number?
False
Suppose -188*q + 358845 = 5*j - 192*q, -q + 215324 = 3*j. Is j composite?
True
Suppose 4*z = -2847 + 255. Let y = z + 1325. Is y composite?
False
Let k = -371 + 391. Is (-12)/k - -1 - 519/(-15) a prime number?
False
Suppose -3*u = -4*n + 10, -5*n + u = 5*u - 28. Suppose -5*c = -n*l + 36943, -2*c = 2*l - 3*l + 9235. Is l a prime number?
False
Let i(s) = 3466*s**3 + 7*s - 34. Is i(3) a composite number?
True
Suppose 2*c + 3*n - 4*n = -3673, 2*n + 10 = 0. Let t = -332 - c. Is t composite?
True
Let z be (-6654)/(-8)*32/36*3. Suppose -3*q + 9460 = q. Let x = q + z. Is x a prime number?
True
Let r(u) = 889*u**2 - 4*u - 4. Suppose -3*n + 16 = j + 7, 12 = 4*n - j. Is r(n) composite?
True
Let p(j) = 86*j**2 - 5*j. Let w be p(4). Suppose -w = -r + 5. Is r composite?
False
Let x(w) = w**2 - 18*w + 19. Suppose -8*y + 93 = -7*y. Suppose 13 = 5*r + y. Is x(r) a composite number?
False
Suppose 8*m - 2650 = 3*m. Suppose 3*t + 129 = 4*t - 2*x, 4*t - x - m = 0. Is (5 + (-9)/3)*t/2 composite?
True
Let f = 880 + 784. Suppose -31*t - f = -38895. Is t a composite number?
False
Let x = -364 + 440. Suppose x*u = 60*u + 354256. Is u a prime number?
False
Let s = 35556 + 44245. Is s composite?
False
Suppose 4*r - 5*k + 14 = 7*r, 2*r + 5*k = 11. Suppose 2*a = r*p - 4629, 2*p + 11*a - 3086 = 9*a. Is p prime?
True
Suppose 0 = 2*p + 5*i - 92612, 2*p + 14687 - 107293 = -2*i. Is p a composite number?
False
Let t(y) = -y**2 + 8*y - 12. Let z be t(6). Suppose 0 = -8*k + 12*k - 240. Suppose k*u - 61*u + 6 = z. Is u prime?
False
Suppose -2*k = 2*x - 58938, 5*x - 7*k + 5*k - 147373 = 0. Is x a prime number?
True
Let a be (1 - 2)*5 + (-238515)/15. Let m = a + 37117. Is m composite?
False
Suppose 4*q = -2*k + 5*k - 32, k - q - 9 = 0. Suppose -2*l + k*l = 20. Is 2*1109 - (l - 13) a prime number?
True
Suppose -9*q + 10 = -107. Let r(o) = 7*o**3 - o**2 + 5*o - 58. Is r(q) a composite number?
False
Let c = 62 - 71. Is (-6226)/(-2) + 5 + c prime?
True
Suppose 3*n = -3*s + 759171, -5*s = 4*n - 2*s - 1012220. Is n composite?
False
Let d = 96 - 92. Suppose -d*m - 3 = -m. Is (786 - 0) + 2/((-2)/m) a composite number?
False
Let f(g) = -26*g + 178. Let p be f(7). Is ((-2)/p)/((-238017)/23802 - -10) a composite number?
False
Is 28181/(-4)*1008/(-252) composite?
False
Let a(s) = 127107*s + 6415. Is a(6) composite?
False
Let q(k) = k**3 + 10*k**2 + 3*k + 17. Let y be q(-8). Let s = y + -117. Is 7*215 - (s - 0) composite?
True
Suppose 3*t = h + 27, 2*h + 23 = t - 3*h. Suppose 3*q = -2*f + 6, -f + t + 5 = 4*q. Suppose 2*k + 518 = 4*a, 131 = 2*a - q*k - 119. Is a prime?
True
Let r(a) = -1737*a + 31. Let w(f) = 1736*f - 31. Let i(n) = 4*r(n) + 5*w(n). Is i(2) a prime number?
True
Let c(f) = -1 + 2*f - f + 2*f**3 + 2 - 8*f**2. Let y be c(4). Suppose 0 = -y*s - s + 4314. Is s prime?
True
Let k = -84636 + 251395. Is k a composite number?
True
Suppose 29*n - 24 = 21*n. Suppose -27 = -5*w - 0*x - n*x, -3*w - 3*x = -21. Suppose -15 = -0*j + 3*j, 0 = -k - w*j + 620. Is k composite?
True
Let g(m) = -59*m**3 - 6*m**2 + m + 7. Let l be g(-4). Suppose 3*b = 3*n + 2760, 4*n = 2*b + 3*b - l. Let p = -286 - n. Is p prime?
True
Suppose -4*h - 1 = 2*a - 9, -2*a = 0. Suppose 399 - 1089 = -5*v + 2*l, -h*v - l + 285 = 0. Suppose -3*s + o + v = -10329, 3487 = s - o. Is s a composite number?
False
Let k(o) = 2*o**2 - o + 1. Let m be k(2). Suppose -5*v + 5*g - 40 = 0, 2*v + 2*g = -19 + m. Let a(i) = -4*i**3 - 9*i**2 - 6*i - 15. Is a(v) composite?
True
Let b(t) = t**3 - 7*t**2 + 6*t + 2. Let x be b(6). Let o = 16777 + -10842. Suppose -3*j + o = x*j. Is j a prime number?
True
Let l(s) = -s**3 - 7 + 16*s + 22 + 53*s**2 - 65*s**2. Let k be l(-13). Is k/(-36)*(-5478)/(-4) prime?
False
Let u = -127008 - -375139. Is u composite?
True
Suppose 684733 = 1049*v - 1042*v. Is v composite?
True
Let z(v) be the third derivative of 12539*v**4/12 - 29*v**3/2 - 3*v**2 - 7. Is z(2) prime?
True
Let s(m) = m**2 + 28*m - 124. Let u be s(4). Is 26484 + -15*(39/9 - u) a prime number?
True
Let g(f) = 26416*f - 1355. Is g(6) a prime num